 Determine d(-4).
-10
Suppose 14*g - 7 = 21. Let c(k) = -58*k + 65*k - 7 - 3*k**2 + g*k**2. Determine c(7).
-7
Let s = 1130 - 1129. Let z(b) = 33*b**2 + 2*b - 1. Determine z(s).
34
Let y(i) = 2*i - 4. Let k be (1 + -11 + 2)*(-1)/2. Calculate y(k).
4
Let u(s) = 26*s - 1. Suppose 0 = -5*r + 19 - 9. Calculate u(r).
51
Let r(f) be the second derivative of -f**3/3 + 5*f**2/2 - 8*f. Let q(u) = u + 1. Let m(h) = q(h) + r(h). Determine m(6).
0
Let c(g) = -10*g - 2. Let d(u) = u. Let n(z) = c(z) + 6*d(z). Let j be n(1). Let o = 1 + j. Let h(q) = -q**2 - 5*q + 3. Calculate h(o).
3
Suppose 2*a = -9 - 3. Let c(f) = -7*f**3 - 19*f + 8. Let o(x) = 6*x**3 + x**2 + 16*x - 6. Let m(w) = 5*c(w) + 6*o(w). Calculate m(a).
-2
Let a(n) be the second derivative of n**4/12 - n**3 + 9*n**2/2 - 4*n + 19. Calculate a(5).
4
Let t(w) be the second derivative of -w**5/20 - w**4/12 - w**3/6 + w**2/2 + 10*w. What is t(0)?
1
Suppose q = 3*h + 14, 0*h - q - 2 = h. Let o(k) = k**3 - 5*k + 4*k - 121*k**2 + 125*k**2 - 5. What is o(h)?
-1
Let p = -10 - -5. Let d(c) be the second derivative of -c**4/12 - 2*c**3/3 - c**2/2 + 303*c. Give d(p).
-6
Let h(g) = -2*g**2 + 4*g - 3. Let b(x) = x**3 - 16*x**2 + 14*x + 19. Let w be b(15). What is h(w)?
-19
Let x = 10 - 16. Let l(a) = 4*a**2 - 13*a + 12. Let s(b) = -5*b**2 + 14*b - 14. Let u(y) = -6*l(y) - 5*s(y). Give u(x).
-14
Let y(p) = -411*p + 414*p + 1 - 2*p**2 - 2. What is y(3)?
-10
Let c(w) = -4*w - 34. Let i(h) = -4*h - 35. Let o(y) = -4*c(y) + 5*i(y). What is o(-13)?
13
Let f = -3 - -1. Let k = f + 8. Suppose l + k = q, -2*l + 18 = 3*q + l. Let y(d) = -d**2 + 5*d - 6. Determine y(q).
-12
Let h(w) be the first derivative of w**4/24 + w**3/6 + 7*w**2 - 11. Let n(y) be the second derivative of h(y). Give n(-2).
-1
Let y(p) = 15*p - 3. Suppose -63*q + 6 = -57*q. What is y(q)?
12
Let u = -329 + 319. Let f(s) = -s**3 - 9*s**2 + 13*s + 23. What is f(u)?
-7
Let p be (2/(-5))/((-2)/(-20)). Let s be (0 - -2)/((-2)/p). Let a(l) = 3*l**2 - 3*l - 3. Let i(c) = -c**2 + c + 1. Let h(u) = -4*a(u) - 11*i(u). What is h(s)?
-11
Let h(r) = -r**2 - 11*r + 14. Let a be h(-12). Let t(c) = 4*c**2 - 8 - c**3 + 6 + 0*c**3 - a*c. Let i(x) = x**2 - 4*x - 3. Let l be i(5). Give t(l).
2
Let y be 6/12*(24 + -2). Suppose 4*z - 1 - y = 0. Suppose 7*w = z*w + 20. Let t(d) = -d**2 + 4*d - 1. What is t(w)?
-6
Let q(b) = -2*b + 3. Suppose 4*j = 9 + 35. Suppose j = 2*d + 2*d + 3*x, -x = -3*d + 18. Give q(d).
-7
Let n(k) = 3*k - 4. Let i = -609 - -600. Determine n(i).
-31
Suppose -56 - 61 = -5*h - 4*j, 3*h = 2*j + 57. Suppose 0 = -h*g + 17*g + 4*t - 4, 4*g + 3*t = -25. Let x(s) = 3 - 3 + s. Calculate x(g).
-4
Let w(b) = -1. Let k(y) = y**3 - y**2 - 1. Let o(z) = -k(z) + 3*w(z). Let c = -216 - -218. Give o(c).
-6
Let g(q) = -4*q**3 + 8*q**2 + 9*q - 3. Let s(f) = -f**3 + f**2 + f - 1. Let b(a) = -g(a) + 5*s(a). Let j be (65/52)/((-2)/32). Let m = 18 + j. Determine b(m).
2
Let d(q) = -8*q**2 - 4*q + 3. Suppose -5*l + 22 = 5*b + 2, -4*b = -2*l - 4. Determine d(l).
-37
Let u be (-1)/((-16)/(-4)) + 27/12. Let c(v) = -1 + 9*v**2 - 3*v**u + v**2 - 4*v**2 - v**3. What is c(2)?
3
Let l(b) = -2*b**2 - b - 3. Suppose k + 2*p - 12 = 0, 3*k - 20 = -3*p + 1. Suppose 5*d = -q - 13, 3*d = k*d + q - 5. Determine l(d).
-18
Let g(u) = 2*u - 28. Suppose 5*s = -95*s + 2000. Calculate g(s).
12
Let i(t) = -5*t**2 + t + t**2 + 5*t**2 - 2*t**2. Give i(0).
0
Let y be (-1)/(1*4/(-12)). Suppose d - 5 = -c, -2*c + 2*d = y*c - 11. Let x(m) = m + 2. What is x(c)?
5
Let w(g) be the second derivative of -g**4/12 + 16*g**2 + 16*g. Let d(t) be the first derivative of w(t). Determine d(-5).
10
Suppose w = 2*w + 3. Let h(t) be the second derivative of -t**5/20 - t**4/4 + t**3/6 - t**2/2 + 337*t. Give h(w).
-4
Let j(f) = -17*f + 25. Let b(y) be the third derivative of -5*y**4/24 + 4*y**3/3 + 5*y**2 - 1. Let u(m) = -7*b(m) + 2*j(m). Determine u(0).
-6
Let u(k) = -6*k**2 + 10*k - 1. Let h(x) = x**2 - 2*x. Let w = 156 - 152. Let y(i) = w*h(i) + u(i). Give y(4).
-25
Let x(y) = y - 6*y + y. Suppose -14*f - 7*f = -84. Determine x(f).
-16
Let v(s) = s - 4. Let q(g) be the second derivative of 2*g**3/3 - 20*g**2 - 48*g. Let r be q(10). Calculate v(r).
-4
Suppose 2*q - 5*z = -6, -14 = -3*q + 2*z - 6*z. Let h(i) = -i**3 + i + 4. Let w be h(q). Let x(v) = -v**3 - 2*v**2 - v - 2. What is x(w)?
0
Let n(b) be the third derivative of 2*b**5/15 - b**4/12 + b**3/6 + 120*b**2. Calculate n(1).
7
Let w(d) = -d**3 - d**2 + 11. Suppose 2*s - 14 = 3*n - 55, 3*s = -4*n + 83. Let o = 19 + -36. Let y = o + n. Give w(y).
11
Let o(w) = -w - 35. Suppose -16*g = -0*g - 26*g. Give o(g).
-35
Let i(g) = -g + 15. Suppose 0 = -n - 3*y + 23, 5*y - 4 - 13 = n. Let p = 264 + -260. Suppose -15 = -l + 3*s, -p*l - 12 = 4*s + n. What is i(l)?
15
Let q(w) be the first derivative of 7*w**2 - w - 9. Let v = -52 + 53. Give q(v).
13
Suppose -71 = -2*q - 41. Let h = q + -13. Let t(i) = -3*i - 2. Determine t(h).
-8
Let g(l) = 2*l**2 + 3*l. Let p(t) = 2*t**2 - 23*t - 11. Let n(q) = 3*q**2 - 47*q - 22. Let a(j) = -4*n(j) + 7*p(j). Let r be a(-13). What is g(r)?
2
Let d(f) = -3*f**2 + 1. Suppose 4*w - 2*o = -30, -3*w + 5*o = 3*o + 21. Let p = -10 - w. Give d(p).
-2
Suppose 4*q = -2*d - 60, -3*q + 5*d - 26 = -7. Let g(t) = -t - 13. Determine g(q).
0
Suppose 0 = w - 3*w - 10. Let h(k) = k - 2. Let q(n) be the third derivative of n**3/3 + 6*n**2. Let d(v) = w*h(v) - 6*q(v). Calculate d(-2).
8
Let f(l) = l**3 - 5*l**2 - 4*l + 4. Let i(h) = h - 2. Let n be i(5). Suppose 0 = 4*s + 3*w - 2*w + 17, -n*w = -2*s + 9. Let d be (-1)/(2/36*s). Calculate f(d).
16
Let r be (-100)/(-18) - (-72)/162. Let f(p) = -p + 7. What is f(r)?
1
Let o(b) = b**3 + 13*b**2 + 13*b + 16. Let d(g) = -6*g - 67. Let r be d(-13). Suppose 2 = 2*z, -r*z = f - 15*z + 16. Give o(f).
4
Let n(i) = -i - 16. Let h = 468 - 479. Determine n(h).
-5
Let t = 43 - 23. Suppose -5*k + 5*i + t = -15, -2*k - 5*i = 7. Let w(q) be the first derivative of -2*q**3/3 + 3*q**2 - q - 44. What is w(k)?
-9
Let k(u) = -5*u**3 + 2*u - 1. Suppose 0 = 32*w + 5*w - 37. Give k(w).
-4
Suppose h + 4*h - 5 = 0. Let r(c) = -15*c**3 - 6*c**2 + 4*c - 3. Let b(i) = 61*i**3 + 26*i**2 - 17*i + 13. Let a(u) = 2*b(u) + 9*r(u). What is a(h)?
-14
Let b(o) be the second derivative of o**4/12 + 5*o**3/6 + 3*o**2 + 6*o. Suppose -2*q - 33 = 5*r, -4*r + 0*r = 20. Calculate b(q).
2
Let y(p) = -p**3 - 8*p**2 - 2*p - 1. Suppose 990*n = 985*n - 40. Calculate y(n).
15
Let x(c) = 2*c**2 - 8*c - 36. Let a be x(-3). Let s(j) = j**2 - 6*j + 9. Calculate s(a).
9
Suppose 4 - 29 = -5*h. Suppose -8*f + h*f + 15 = 0. Let a(z) = -z**3 + 5*z**2 + 5*z - 6. What is a(f)?
19
Let g(l) = -l. Let o(z) = z + 4. Let a(d) = d**2 - d - 2. Let u be a(3). Let v(k) = u*g(k) + o(k). Give v(3).
-5
Let j(o) = -2*o**2 - 3*o + 1. Let a(k) = -k + 10. Let u be a(0). Suppose 5*h - 70 = -u. Suppose 0 = r - 2, 0 = -5*n - 2*r + r + h. Give j(n).
-13
Let g(u) = u - 4. Let k(z) = z**3 + 5*z**2 - 11. Let m be k(-5). Let c = -17 - m. What is g(c)?
-10
Let z(n) = -n**2 - 14*n + 11. Let i(y) = 2*y - 1. Suppose 4*o + 20 = b + 8*o, 4*b = 2*o + 8. Let r(m) = b*i(m) + z(m). Calculate r(-6).
7
Let z(o) be the third derivative of -o**5/30 - 5*o**4/24 - 5*o**3/6 - 61*o**2. What is z(-4)?
-17
Let p(m) be the third derivative of -17*m**4/24 - m**3/2 + 61*m**2. What is p(3)?
-54
Suppose 140 + 76 = 6*o. Let r(g) = -3*g - 30*g**2 + 67*g**2 + 2 - o*g**2. Calculate r(3).
2
Let z(j) = -j**2 + 7*j + 4. Let n(t) = t. Let k(s) = -3*n(s) + z(s). Suppose -4*h - i = -19, -2*h + 5*i + 6 + 9 = 0. What is k(h)?
-1
Suppose -3*s - 8 = -2. Let b = 29 + -25. Let y(w) = 3*w - b + w + 7. What is y(s)?
-5
Let f(h) = -h**3 + 11*h**2 - 11. Let p(v) = 2*v**3 - 21*v**2 - v + 21. Suppose 77 = -10*d + 3*d. Let z(c) = d*f(c) - 6*p(c). What is z(6)?
-5
Let t = -4 - 3. Let j be -2*52/(-16) - 21/14. Let m = j + t. Let v(f) = -f**3 - f**2 - f - 1. Determine v(m).
5
Let y = 721 + -727. Let r(q) = 2*q + 13. Give r(y).
1
Let g(n) = -49*n + 5. Let i(w) = 106*w - 10. Let v(z) = 13*g(z) + 6*i(z). What is v(14)?
-9
Let o(c) be the first derivative of c**4/4 - 3*c**3 + 8*c**2 - 9*c - 596. Determine o(7).
5
Suppose 2*p = -7 + 1. Let i(d) = 1. Suppose -h = -2*x - 3*x - 2, -5*h = 4*x + 19. Let c(g) = 3*g + 8. Let y(l) = x*c(l) + 5*i(l). D